ts digit of f?
2
Let q be 16/6*(-63)/(-28). Suppose k + 2*k - q = 0. Suppose -k*p + 56 = -2. What is the units digit of p?
9
What is the hundreds digit of 80280/200*5/3?
6
Suppose 136 = 3*w - 2*w - 5*o, 0 = 3*w - o - 352. What is the hundreds digit of 1 + w + (2 - 3)*0?
1
Let m(v) = 176*v**3 - v**2 + 1. Let o be m(1). Let j = o - 104. What is the units digit of j?
2
Let m = 103 + -31. What is the tens digit of m?
7
Let v(q) = 2*q**2 + 3*q + 9. Let n be 21/(-4) + (-2)/(-8). What is the tens digit of v(n)?
4
Suppose 0 = 2*y + 4. Let l be ((-6)/(-4))/(y/(-36)). Suppose -3*a + l = -27. What is the tens digit of a?
1
Let j = 772 - 542. What is the units digit of j?
0
Let o(n) = -11*n - 51. Let x be o(-5). What is the units digit of x/(-14) + 127*6/21?
6
Let v = -968 + 1742. What is the units digit of v?
4
Suppose 13 = 3*l - 17. Suppose 5*i - 58 = -3*g, 2*i - 58 = -4*g + l. What is the tens digit of g?
1
Suppose 30 = 5*d + 20. Suppose 0 = 4*j - s - d*s - 160, 0 = -j - s + 33. What is the units digit of j?
7
Suppose -5*y + y = 732. What is the units digit of (y/(-9))/(1/3)?
1
Let a = 3872 - 2319. What is the units digit of a?
3
Let h(a) = a**3 - 13*a**2 + 14*a - 3. Let k = 42 - 21. Let f = -9 + k. What is the units digit of h(f)?
1
Let x(i) = i**2 + 3*i - 7. Let g be (-7)/(-14) - 11/2. Let b be x(g). Let k = b - -24. What is the units digit of k?
7
Let r(d) = -d**3 + 2*d**2 + 2*d + 4. Let t be r(3). Let o = -1 - t. What is the units digit of (3/o)/(3/(-4))?
2
Let o(k) = k**2 - 17*k + 18. Let l be o(16). Suppose 0 = -5*f + 5*s - s + 288, 117 = l*f - s. What is the units digit of f?
0
Suppose 19*c - 18*c + 37 = 0. What is the tens digit of (2*(1 - 2))/(1/c)?
7
Let y = -7 - -46. Let b = y - -33. What is the units digit of b?
2
Let c be (0 + -16)/(-4) - 212. Let m = 354 + c. What is the units digit of m?
6
Let w(b) = -b**3 - 10*b**2 - 11*b - 11. Let t be w(-9). What is the tens digit of 2 + t/(-3) + (-876)/(-9)?
9
Let z(o) be the first derivative of -3*o**2/2 + 28*o + 18. What is the units digit of z(-13)?
7
Suppose 0 = 5*l - n - 2800, 2*n + 2790 = 5*l + 3*n. What is the units digit of l?
9
Let g = -19 - -21. Let k(c) = -7 + 6*c + g*c + 15. What is the tens digit of k(5)?
4
Suppose -4*k = -516 - 124. Suppose 4*g = -4*g + k. What is the tens digit of g?
2
Let a(d) be the second derivative of -d**7/2520 + d**6/120 + d**5/40 + d**4/6 + 2*d. Let h(p) be the third derivative of a(p). What is the units digit of h(6)?
3
What is the hundreds digit of 52/((-1016)/2640 - (-4)/10)?
4
Suppose 0 = a + 37 - 5323. What is the hundreds digit of a?
2
Let v(u) = -2*u + 11. Let c be v(10). Let n = c - -10. What is the units digit of -1 + -2 + (n - -22)?
0
Let q = 2106 - 595. What is the hundreds digit of q?
5
Let v be (16/(-16))/(1/(-5)). What is the units digit of 692/v + 24/40?
9
Let n = 183 - 286. Let z = n - -152. What is the units digit of z?
9
What is the units digit of (-87)/58*604/(-3)?
2
Suppose -i + 724 = -4*p, -23*i - 3*p + 2972 = -19*i. What is the hundreds digit of i?
7
Suppose c = 3*m + 2*m + 42, 5*c - 4*m - 294 = 0. Let r = c + -51. What is the units digit of r?
1
Suppose 0*p - p - 7 = 0. Suppose 4*c + 36 = -5*q, -3*q = -2*q - 4*c + 12. Let w = p - q. What is the units digit of w?
1
Let m(z) = 7*z**2 + 2*z - 1. Suppose -3*h + 58 - 4 = 0. Let x be h/(-63) - (-18)/14. What is the units digit of m(x)?
8
Let i be -2*3/9*12. Let o(l) = 1 + 16*l**3 - 2*l + 0*l - 15*l**3 + 3*l**2 + 5*l**2. What is the units digit of o(i)?
7
Let k = -8 - -18. Suppose 7*l - 2*l - k = 0. What is the tens digit of l + 12*2/2?
1
Let a = 297 - -254. What is the hundreds digit of a?
5
Let o be -1*(-1 - 16 - -2). Suppose -t - o = 2*t. Let d = t - -13. What is the units digit of d?
8
Let a(b) = 3*b - 8. Let h be a(5). Let k(w) = -4*w + h*w - 8*w - 4*w. What is the tens digit of k(-3)?
2
Suppose 154*t - 14512 = 146*t. What is the units digit of t?
4
Suppose 0 = 40*k - 17*k - 18607. What is the tens digit of k?
0
Suppose o + 138 = 4*t, o + 76 = 2*t - 3*o. Suppose 318 = 8*x - t. What is the tens digit of x?
4
Suppose -66 = 3*w - 18. Let g be w/(-10)*250/20. Suppose -g = -2*q - 3*q. What is the units digit of q?
4
Let n(q) be the first derivative of -6*q**2 - 5*q + 1. Let p be n(-3). Suppose 0 = -5*d + p + 74. What is the units digit of d?
1
Suppose -5*q = -q - 52. Let a(h) = h + 5. Let z be a(q). Let g = -5 + z. What is the units digit of g?
3
Let h = -5710 - -8445. What is the hundreds digit of h?
7
Let w(d) = d**3 - 4*d**2 - 3*d + 6. Let a be w(6). Suppose 8*j + 101 = 301. Let n = a - j. What is the tens digit of n?
3
Let c(f) be the first derivative of 8*f**2 - 4*f + 25. What is the hundreds digit of c(8)?
1
Suppose -4*w + 3*w + 189 = 0. Suppose -3*t - 4*y + 333 = 0, 4*y = 4*t + w - 633. What is the tens digit of t?
1
Let a(w) = -2*w - 9. Let f be a(-6). Let b(y) = y + 55. Let p be b(10). Suppose 0*t + f*t - g = p, 5*t + 4*g - 131 = 0. What is the units digit of t?
3
Suppose 3*g + 35*t = 33*t + 5517, 2*t = 0. What is the hundreds digit of g?
8
Suppose 100 - 24 = 4*a. Let c = -18 + a. What is the units digit of c?
1
Let v = 626 + -136. What is the hundreds digit of v?
4
Let l(g) = -2*g. Let k be l(5). Let f = k - -15. Suppose f*a = 6*a - 35. What is the units digit of a?
5
Suppose -4*q = -131 - 277. Suppose -4*b + 306 = -q. What is the tens digit of b?
0
Let a(v) = -6*v**2 - 4*v - 20 + 7*v + 7*v**2. What is the tens digit of a(9)?
8
Let q = 15 - 21. Let g be (-1150)/7 - q/21. What is the tens digit of 3 + 1*g/(-4)?
4
What is the tens digit of 11068/24 - (-2)/(-12)?
6
Suppose -83*r + 165999 = 27472. What is the hundreds digit of r?
6
Suppose 14*t + 59 - 1389 = 0. What is the units digit of t?
5
Suppose y - 101 - 111 = -3*u, -y - 4*u = -210. Suppose 1158 + y = 8*w. What is the hundreds digit of w?
1
Suppose 2*v = -4*l + 8*l - 3834, 3819 = 4*l - 5*v. What is the tens digit of l?
6
Suppose -16664 - 14360 = -8*p. What is the hundreds digit of p?
8
Suppose -d + 1 = 0, 4*c = -3*d - 0*d + 955. What is the units digit of c?
8
Let m = 14 - 48. Let b = 101 + m. What is the units digit of b?
7
Let g(f) = 2*f**3 - 5*f**2 + 10*f - 3. What is the units digit of g(6)?
9
Let d(m) = m**2 + 7*m + 6. Let k be d(-6). Suppose k = 2*v - v + 6. What is the tens digit of 2*(-52)/16*v?
3
Suppose -2 = 7*k - 16. Suppose -2*x - 36 + 0 = -4*m, -2*m + k = 3*x. What is the units digit of m?
7
Let w be (-2)/(1*8/(-20)). Suppose 4*o + 3*s - 27 = 0, w*o - 6*s = -3*s. What is the units digit of o?
3
Let a = -7 - -8. Let r be (a + -1)/(-4) + 3. Suppose k = r*k - 26. What is the tens digit of k?
1
What is the tens digit of ((-82)/(-4))/((-1)/(-6))?
2
Suppose 0 = 3*f + 3*l - 92 - 598, 4*f - 5*l = 893. What is the tens digit of f?
2
Suppose -3*a - 13 = -2*w - 0*a, -6 = 3*w + 4*a. Suppose 4*f + w*f - 468 = 0. What is the units digit of f?
8
Suppose 3*c = c + 182. Let l = c + 68. Suppose 4*k = -5*a + 164, 7*a - 2*a - k = l. What is the units digit of a?
2
Let h(v) = -1547*v**3 + 16*v + 15. What is the hundreds digit of h(-1)?
5
Let t = 1484 - 201. What is the thousands digit of t?
1
Suppose 0 = 5*d + 4*f + 34, 0 = 4*f - 17 + 1. What is the units digit of (102/(-5))/(4/d)?
1
Let z = 135 - -760. What is the units digit of z?
5
Let n = 4154 - 2344. What is the units digit of n?
0
Suppose 0 = -3*v + v - 140. Let f = v - -169. What is the units digit of f?
9
Let h(u) = -14*u**3 - 2*u**2 + 27*u + 1. What is the thousands digit of h(-5)?
1
Let d(a) = 12*a**3 - a**2 + a - 10. What is the units digit of d(3)?
8
Let n(b) = -b**2 + 8*b - 7. Let r be n(6). What is the tens digit of 59 + (-20)/r + 4?
5
Suppose 72*x = 81*x - 10971. What is the thousands digit of x?
1
Suppose -5*s = u - 10, 4*s + 4 = 5*u + 12. Let q be (193 - 5) + s/(-1). Suppose 5*k = q + 139. What is the tens digit of k?
6
Suppose -69*b + 75*b - 25302 = 0. What is the hundreds digit of b?
2
Suppose 0 = 7*x - 35. What is the tens digit of (-280)/(-4) + (-20)/x?
6
Suppose s - 48 = 5*j + 56, 0 = -2*s - 5*j + 193. Let l(o) = -o + 10. Let b be l(-6). Suppose 5*t = 3*u - 6*u + s, 4*t = u - b. What is the tens digit of u?
2
Suppose 3*z - 2452 = 326. Suppose 278 = 4*c - z. What is the units digit of c?
1
Let t = 33 - 0. Let w = -143 - -125. Let o = w + t. What is the tens digit of 